ime factors of 19532.
2, 19, 257
What are the prime factors of 52190?
2, 5, 17, 307
What are the prime factors of 366?
2, 3, 61
List the prime factors of 2397.
3, 17, 47
What are the prime factors of 114678?
2, 3, 23, 277
What are the prime factors of 752?
2, 47
What are the prime factors of 1570?
2, 5, 157
List the prime factors of 17859.
3, 5953
List the prime factors of 47971.
7, 11, 89
List the prime factors of 4468.
2, 1117
List the prime factors of 429.
3, 11, 13
What are the prime factors of 35?
5, 7
List the prime factors of 10004.
2, 41, 61
List the prime factors of 6193.
11, 563
List the prime factors of 15918.
2, 3, 7, 379
List the prime factors of 2760.
2, 3, 5, 23
List the prime factors of 1365.
3, 5, 7, 13
List the prime factors of 759.
3, 11, 23
List the prime factors of 17160.
2, 3, 5, 11, 13
List the prime factors of 4340.
2, 5, 7, 31
What are the prime factors of 1156?
2, 17
List the prime factors of 2774.
2, 19, 73
List the prime factors of 8566.
2, 4283
What are the prime factors of 6732?
2, 3, 11, 17
List the prime factors of 425.
5, 17
What are the prime factors of 1710?
2, 3, 5, 19
What are the prime factors of 9771?
3, 3257
List the prime factors of 14103.
3, 1567
What are the prime factors of 3137?
3137
What are the prime factors of 6480?
2, 3, 5
List the prime factors of 1411.
17, 83
What are the prime factors of 3274?
2, 1637
What are the prime factors of 4832?
2, 151
What are the prime factors of 9966?
2, 3, 11, 151
List the prime factors of 1814.
2, 907
List the prime factors of 85947.
3, 28649
What are the prime factors of 33159?
3, 7, 1579
List the prime factors of 1251.
3, 139
List the prime factors of 80134.
2, 103, 389
What are the prime factors of 1466?
2, 733
List the prime factors of 750.
2, 3, 5
What are the prime factors of 2071?
19, 109
List the prime factors of 22523.
101, 223
List the prime factors of 98515.
5, 17, 19, 61
List the prime factors of 911.
911
What are the prime factors of 12530?
2, 5, 7, 179
What are the prime factors of 11640?
2, 3, 5, 97
List the prime factors of 3109.
3109
What are the prime factors of 57675?
3, 5, 769
List the prime factors of 99.
3, 11
List the prime factors of 4669.
7, 23, 29
List the prime factors of 24890.
2, 5, 19, 131
List the prime factors of 2588.
2, 647
List the prime factors of 1803.
3, 601
What are the prime factors of 76495?
5, 15299
List the prime factors of 3287.
19, 173
List the prime factors of 122.
2, 61
What are the prime factors of 54700?
2, 5, 547
What are the prime factors of 5563?
5563
What are the prime factors of 436?
2, 109
List the prime factors of 5234.
2, 2617
What are the prime factors of 10601?
10601
List the prime factors of 22423.
17, 1319
What are the prime factors of 7947?
3, 883
What are the prime factors of 139863?
3, 23, 2027
List the prime factors of 54238.
2, 47, 577
What are the prime factors of 664?
2, 83
List the prime factors of 35327.
35327
List the prime factors of 1580.
2, 5, 79
List the prime factors of 3951.
3, 439
What are the prime factors of 615?
3, 5, 41
What are the prime factors of 88375?
5, 7, 101
What are the prime factors of 1841?
7, 263
List the prime factors of 1235.
5, 13, 19
What are the prime factors of 3174?
2, 3, 23
What are the prime factors of 12475?
5, 499
List the prime factors of 164904.
2, 3, 6871
What are the prime factors of 2874?
2, 3, 479
List the prime factors of 2083.
2083
List the prime factors of 22269.
3, 13, 571
List the prime factors of 14866.
2, 7433
List the prime factors of 110490.
2, 3, 5, 29, 127
What are the prime factors of 2561?
13, 197
What are the prime factors of 13?
13
List the prime factors of 2530.
2, 5, 11, 23
What are the prime factors of 1574?
2, 787
List the prime factors of 7733.
11, 19, 37
List the prime factors of 1239.
3, 7, 59
What are the prime factors of 10860?
2, 3, 5, 181
What are the prime factors of 1012?
2, 11, 23
What are the prime factors of 96278?
2, 7, 13, 23
List the prime factors of 3026.
2, 17, 89
What are the prime factors of 25747?
25747
List the prime factors of 27496.
2, 7, 491
What are the prime factors of 14555?
5, 41, 71
List the prime factors of 77295.
3, 5, 5153
What are the prime factors of 6090?
2, 3, 5, 7, 29
List the prime factors of 876.
2, 3, 73
List the prime factors of 42111.
3, 4679
What are the prime factors of 116599?
7, 16657
List the prime factors of 5296.
2, 331
List the prime factors of 28.
2, 7
List the prime factors of 23999.
103, 233
What are the prime factors of 160?
2, 5
List the prime factors of 1118.
2, 13, 43
What are the prime factors of 2790?
2, 3, 5, 31
List the prime factors of 24.
2, 3
List the prime factors of 5952.
2, 3, 31
List the prime factors of 11197.
11197
What are the prime factors of 37148?
2, 37, 251
List the prime factors of 9737.
7, 13, 107
List the prime factors of 27828.
2, 3, 773
What are the prime factors of 6032?
2, 13, 29
List the prime factors of 544.
2, 17
What are the prime factors of 3178?
2, 7, 227
List the prime factors of 2315.
5, 463
List the prime factors of 2136.
2, 3, 89
What are the prime factors of 30752?
2, 31
What are the prime factors of 73102?
2, 36551
What are the prime factors of 32840?
2, 5, 821
List the prime factors of 652.
2, 163
What are the prime factors of 2974?
2, 1487
List the prime factors of 4237.
19, 223
List the prime factors of 45028.
2, 11257
List the prime factors of 7419.
3, 2473
What are the prime factors of 19418?
2, 7, 19, 73
What are the prime factors of 3102?
2, 3, 11, 47
List the prime factors of 1141.
7, 163
List the prime factors of 3162.
2, 3, 17, 31
What are the prime factors of 42198?
2, 3, 13, 541
What are the prime factors of 10323?
3, 31, 37
What are the prime factors of 5499?
3, 13, 47
What are the prime factors of 10933?
13, 29
What are the prime factors of 1373?
1373
What are the prime factors of 55578?
2, 3, 59, 157
List the prime factors of 8132.
2, 19, 107
List the prime factors of 19938.
2, 3, 3323
What are the prime factors of 27381?
3, 9127
List the prime factors of 1139.
17, 67
List the prime factors of 9243.
3, 13, 79
List the prime factors of 2129.
2129
List the prime factors of 8131.
47, 173
List the prime factors of 14104.
2, 41, 43
List the prime factors of 6357.
3, 13, 163
List the prime factors of 68220.
2, 3, 5, 379
List the prime factors of 19984.
2, 1249
What are the prime factors of 70366?
2, 151, 233
What are the prime factors of 42848?
2, 13, 103
List the prime factors of 1232.
2, 7, 11
What are the prime factors of 1544?
2, 193
List the prime factors of 1861.
1861
What are the prime factors of 415?
5, 83
What are the prime factors of 895?
5, 179
List the prime factors of 11240.
2, 5, 281
What are the prime factors of 5297?
5297
What are the prime factors of 46003?
179, 257
What are the prime factors of 14218?
2, 7109
What are the prime factors of 112039?
181, 619
List the prime factors of 328.
2, 41
List the prime factors of 34582.
2, 17291
List the prime factors of 23984.
2, 1499
What are the prime factors of 2132?
2, 13, 41
List the prime factors of 1740.
2, 3, 5, 29
What are the prime factors of 1948?
2, 487
List the prime factors of 33611.
19, 29, 61
List the prime factors of 462.
2, 3, 7, 11
List the prime factors of 3556.
2, 7, 127
What are the prime factors of 616?
2, 7, 11
What are the prime factors of 622?
2, 311
List the prime factors of 3965.
5, 13, 61
What are the prime factors of 1638?
2, 3, 7, 13
List the prime factors of 1216.
2, 19
What are the prime factors of 223?
223
What are the prime factors of 7844?
2, 37, 53
What are the prime factors of 12159?
3, 7, 193
List the prime factors of 2418.
2, 3, 13, 31
What are the prime factors of 92690?
2, 5, 13, 23, 31
List the prime factors of 1263.
3, 421
List the prime factors of 57366.
2, 3, 3187
What are the prime factors of 2367?
3, 263
What are the prime factors of 13075?
5, 523
What are the prime factors of 6138?
2, 3, 11, 31
List the prime factors of 11131.
11131
What are the prime factors of 1346?
2, 673
What are the prime factors of 803?
11, 73
List the prime factors of 56027.
179, 313
What are the prime factors of 26054?
2, 7, 1861
List the prime factors of 25475.
5, 1019
List the prime factors of 7377.
3, 2459
What are the prime factors of 1337?
7, 191